vide 14782790?
True
Does 8 divide 6779609?
False
Does 1010 divide 1748603957?
False
Is 1546 a factor of 636640205?
False
Is 7539740 a multiple of 615?
False
Is 627 a factor of 19266629?
False
Is 143 a factor of 97430476?
True
Is 12 a factor of 481414365?
False
Does 1193 divide 87458830?
True
Is 93180297 a multiple of 46?
False
Is 19170514 a multiple of 22?
True
Is 8427904 a multiple of 334?
False
Is 107916320 a multiple of 1220?
True
Is 70952643 a multiple of 71?
True
Does 70 divide 10997745?
False
Is 143 a factor of 350642149?
True
Is 20 a factor of 632600080?
True
Does 13 divide 1401203245?
True
Is 66278720 a multiple of 32?
True
Is 261859350 a multiple of 8?
False
Does 49 divide 78544180?
False
Does 435 divide 91276920?
True
Is 103 a factor of 62914269?
False
Is 559797840 a multiple of 7133?
True
Is 822688596 a multiple of 4596?
True
Does 3125 divide 145025000?
True
Does 9 divide 145444905?
True
Does 1762 divide 275168229?
False
Is 18 a factor of 12461886?
True
Is 121 a factor of 1777810145?
False
Does 682 divide 54903790?
False
Does 3 divide 100517879?
False
Is 80 a factor of 118867079?
False
Is 1419 a factor of 4640130?
True
Is 2144130 a multiple of 3?
True
Is 430 a factor of 85907550?
True
Does 55 divide 439381580?
True
Is 580818957 a multiple of 17?
True
Is 17691136 a multiple of 436?
True
Does 14 divide 66483088?
True
Is 1695563490 a multiple of 29?
False
Is 166247573 a multiple of 195?
False
Does 142 divide 10467104?
True
Does 505 divide 163175600?
True
Is 24039743 a multiple of 534?
False
Is 93 a factor of 36120373?
False
Is 67 a factor of 119267638?
True
Does 112 divide 754750275?
False
Is 3043434 a multiple of 15?
False
Is 100631216 a multiple of 14?
True
Is 34024104 a multiple of 8?
True
Is 31615905 a multiple of 5?
True
Is 263 a factor of 33668471?
True
Is 5840581 a multiple of 2?
False
Does 95 divide 1037827?
False
Is 40 a factor of 28750799?
False
Does 806 divide 590183225?
False
Is 298874154 a multiple of 256?
False
Is 701503 a multiple of 45?
False
Does 9102 divide 670176006?
False
Is 40028745 a multiple of 151?
False
Is 95939328 a multiple of 6?
True
Does 329 divide 19619586?
True
Is 515 a factor of 110283673?
False
Is 60 a factor of 232991838?
False
Does 21 divide 43184318?
False
Is 181321057 a multiple of 499?
False
Does 195 divide 75289082?
False
Is 866384103 a multiple of 13?
True
Is 48802842 a multiple of 22?
True
Is 875 a factor of 298025557?
False
Is 12 a factor of 279345230?
False
Is 1987 a factor of 67412949?
True
Is 154315392 a multiple of 66?
True
Is 27900120 a multiple of 43?
True
Does 2374 divide 94689364?
True
Is 1922130834 a multiple of 481?
True
Is 85386585 a multiple of 1236?
False
Does 20 divide 21540700?
True
Is 311 a factor of 1594186?
True
Is 109526040 a multiple of 2562?
False
Is 99 a factor of 526862853?
True
Does 2 divide 3661?
False
Is 20277295 a multiple of 215?
True
Is 14 a factor of 21437444?
True
Is 465738821 a multiple of 15?
False
Does 18 divide 52253149?
False
Is 39720796 a multiple of 480?
False
Is 2323016 a multiple of 62?
True
Is 6 a factor of 139580196?
True
Is 10 a factor of 101495062?
False
Does 12 divide 6527404?
False
Does 380 divide 1319432200?
True
Is 111 a factor of 73509789?
False
Does 789 divide 888275136?
True
Is 520032400 a multiple of 355?
True
Does 23 divide 899563229?
False
Is 333925200 a multiple of 1764?
True
Is 122 a factor of 77492458?
False
Does 37 divide 2328383212?
True
Is 839631065 a multiple of 455?
True
Is 464924164 a multiple of 592?
False
Is 137 a factor of 121438081?
False
Is 1618908267 a multiple of 87?
True
Does 17 divide 1558523365?
True
Is 7694 a factor of 869852864?
True
Does 1434 divide 19348927?
False
Is 411668455 a multiple of 30?
False
Is 28 a factor of 15660553?
False
Does 3881 divide 473577423?
False
Does 12075 divide 2604517125?
True
Is 13 a factor of 269695499?
False
Is 8 a factor of 2654886880?
True
Does 27 divide 1232483?
False
Is 1325 a factor of 273399175?
True
Does 26 divide 70780984?
False
Is 141010899 a multiple of 71?
True
Does 85 divide 1994903380?
False
Is 14 a factor of 230452413?
False
Does 14 divide 32106554?
False
Is 149952361 a multiple of 13?
True
Does 20 divide 774714820?
True
Is 337632308 a multiple of 221?
True
Does 86 divide 13059358?
True
Does 6 divide 37545439?
False
Does 1398 divide 29276916?
True
Is 16533398 a multiple of 14?
True
Is 380 a factor of 39749520?
True
Is 1531 a factor of 95891123?
True
Is 17 a factor of 3099202?
True
Does 487 divide 99402551?
False
Does 67 divide 1144169318?
True
Is 204074820 a multiple of 180?
True
Is 574706095 a multiple of 1359?
False
Is 427 a factor of 85756545?
True
Is 9078747 a multiple of 3688?
False
Does 1411 divide 72125952?
False
Does 5356 divide 1066112831?
False
Is 937 a factor of 1770324441?
False
Is 7 a factor of 342226526?
False
Is 2190 a factor of 202574905?
False
Is 83914795 a multiple of 995?
False
Is 43237104 a multiple of 92?
False
Is 2934000 a multiple of 15?
True
Is 5 a factor of 99522660?
True
Does 137 divide 4146716?
True
Does 876 divide 700362000?
True
Does 3 divide 189671?
False
Does 301 divide 1595089601?
True
Is 6 a factor of 574465475?
False
Is 42 a factor of 438782862?
True
Is 133 a factor of 6717697?
True
Is 68984643 a multiple of 102?
False
Is 29547358 a multiple of 4?
False
Is 2 a factor of 3180153?
False
Is 132193490 a multiple of 286?
True
Is 88669101 a multiple of 34?
False
Is 629 a factor of 1100123516?
True
Is 109 a factor of 26859607?
False
Does 3 divide 1624566?
True
Does 981 divide 139781548?
False
Does 338 divide 48438618?
False
Is 216194097 a multiple of 1233?
False
Does 13 divide 1278993014?
True
Is 34945719 a multiple of 320?
False
Is 3 a factor of 277859458?
False
Is 52768342 a multiple of 1133?
True
Is 370 a factor of 181511910?
False
Is 128913517 a multiple of 3?
False
Does 1881 divide 1062830835?
True
Is 2812 a factor of 1372767784?
True
Is 1561 a factor of 135816366?
True
Is 7 a factor of 11986940?
True
Is 361 a factor of 2239545861?
False
Is 18645926 a multiple of 22?
False
Is 19731716 a multiple of 126?
False
Does 62 divide 266478075?
False
Is 2399325963 a multiple of 515?
False
Does 336 divide 17052071?
False
Does 46 divide 276048236?
False
Does 436 divide 91112228?
True
Does 54 divide 861225421?
False
Is 32 a factor of 51791424?
True
Is 71759280 a multiple of 1776?
True
Does 1454 divide 35347618?
False
Does 695 divide 47673525?
True
Does 612 divide 2207246?
False
Does 11 divide 63908273?
True
Is 35612333 a multiple of 63?
False
Is 17218611 a multiple of 9?
True
Is 170055168 a multiple of 192?
True
Is 189896948 a multiple of 1268?
True
Is 286 a factor of 45133424?
False
Does 1520 divide 237942216?
False
Does 454 divide 27743940?
True
Is 25 a factor of 427572?
False
Is 3639119190 a multiple of 3301?
False
Does 17 divide 39133093?
False
Is 53 a factor of 437702105?
False
Does 30 divide 489080692?
False
Is 270889299 a multiple of 1220?
False
Is 1195561253 a multiple of 145?
False
Does 25 divide 123685375?
True
Does 359 divide 50250666?
True
Is 35422298 a multiple of 562?
True
Does 19 divide 113694309?
True
Does 148 divide 6707410?
False
Does 507 divide 3692630?
False
Is 169656717 a multiple of 1928?
False
Does 2 divide 35347135?
False
Is 47127217 a multiple of 101?
False
Is 1797 a factor of 842044720?
False
Is 117 a factor of 7526330?
False
Is 338752040 a multiple of 295?
True
Is 9991740 a multiple of 60?
True
Does 53 divide 47999912?
False
Is 167490830 a multiple of 885?
False
Is 73487574 a multiple of 106?
True
Is 66 a factor of 499717416?
True
Does 236 divide 60547216?
True
Is 63 a factor of 68440743?
True
Is 14636194 a multiple of 1869?
False
Does 797 divide 300256998?
True
Is 215 a factor of 177876380?
True
Is 770977645 a multiple of 4990?
False
Is 1073488512 a multiple of 384?
True
Does 483 divide 1752107?
False
Is 222 a factor of 447704958?
True
Is 73440034 a multiple of 139?
False
Does 11 divide 341573488?
False
Does 12 divide 58387321?
False
Is 49 a factor of 811673681?
True
Is 2193501598 a multiple of 1500?
False
Does 41 divide 20106313?
False
Is 4558364 a multiple of 62?
True
Is 1345475505 a multiple of 176?
False
Is 23522832 a multiple of 27?
True
Does 1529 divide 5022089?
False
Does 58 divide 684863710?
True
Is 62045690 a multiple